= 42 - 14. Suppose 4*z = -2*u, -3*u + 5*z + k = -2*u. What is s(u)?
-7
Let t(y) = -2*y**3 - 14*y**2 - 5*y + 24. Let h(v) = -v**3 + 4. Let z(a) = -6*h(a) + t(a). Let d be z(4). Let b(p) = -2*p + 13. Give b(d).
-11
Suppose -5*d = -5*p - 20, 2*p - 4*p - 6 = -d. Suppose -f = -d*f + 2*c + 3, 5*f - c - 6 = 0. Let i(q) = -16*q**3 + q**2. Give i(f).
-15
Let j(h) = -8*h + 4. Let b(q) = -q**2 + q - 3. Let t(n) = b(n) + j(n). Let l(k) = 8*k + 1. Suppose 5*u = -0*u - 5. Let g be l(u). Give t(g).
1
Let l(c) be the second derivative of 5*c + 1/20*c**5 + 1/2*c**2 + 14 - c**3 - 1/3*c**4. Give l(5).
-4
Let z(i) = -10*i + 2*i**2 + 7 + 47*i - 5. Let o be z(-19). Suppose -l = -2*v + o, 4*v = -l - 1 + 40. Let p(d) = d**3 - 11*d**2 + 12*d - 14. Give p(v).
6
Let x(y) = -2*y**2 + 6*y - 7. Suppose -5*f = 2*i + 3, -19*f + 17*f = 4*i - 18. Determine x(i).
-43
Suppose -24 = 4*z - 4*j, -3*z + 2*j - 11 = 9. Let f(c) = -c**3 - 7*c**2 + 4*c + 7. Determine f(z).
39
Suppose 3*p = 5*f - 18, -5*p = -p - 4*f + 24. Suppose -23*r + 102 = -151. Let i(v) = 0*v - 5*v + v**3 - 6*v**2 + 15 + 15 - 27 + r*v**2. Calculate i(p).
-3
Let v(t) = 2 - 196*t**2 + 194*t**2 + 11 - 16*t. Let k be v(-9). Let c(x) = -2*x - 7. Determine c(k).
3
Let p(j) = -4*j**3 + j**2 - 3*j + 1. Let x(h) = -139*h - 138. Let w be x(-1). Give p(w).
-5
Let o = 129 + -113. Let g be ((1*18)/2)/(-13 + o). Let k(f) = f**2 - f. Give k(g).
6
Let x(a) = a**2 - 2*a + 3. Let n be (-4*(-9)/(-6) - (-48 + 44))*-2. Determine x(n).
11
Let l be (10 - (6 - 3))*2/2. Let n(a) = a + 1 - 1 - 3. Give n(l).
4
Suppose 381 = 67*z + 46. Let o(n) be the third derivative of 7/6*n**3 + 0*n + 0 - 1/24*n**4 - z*n**2. Give o(7).
0
Let u(q) be the third derivative of q**4/12 - q**3 + 2*q**2 - 65. Suppose 4*a + a = -45. What is u(a)?
-24
Let o(d) = d**3 + 5*d**2 - 15*d - 66. Suppose 6*u + 35*u = -278 + 73. Give o(u).
9
Let x(a) = a**2 - a + 1. Let k(c) be the first derivative of -c**3 + 3*c**2 - 4*c + 16. Let w(b) = -k(b) - 2*x(b). Give w(5).
7
Let d = 3215 - 3213. Let p(i) = 8*i - 23. What is p(d)?
-7
Let i(n) = 2*n**3 + n**2 - n + 1. Suppose 0 = 4*t + 10 - 82. Suppose 7 = -r + t. Suppose 10*k = r*k + 2. Give i(k).
-9
Suppose -150*i = -143*i - 147. Let l be (i/4)/(3/4). Let r(h) = -5*h + 27. What is r(l)?
-8
Let q(o) be the first derivative of -o**3/3 + 5*o**2/2 - 4*o - 2897. Suppose -c - 44 = -5*c. Let r = c - 6. Determine q(r).
-4
Suppose 0 = -3*s + 2*r + 74, -4*r + 4 + 28 = 3*s. Let j(l) = -l**3 + 21*l**2 - 15*l - 29. Give j(s).
71
Let y(u) = 3*u**2 + 4*u - 1. Suppose -3*i = 5*v - 347, 5*v - 327 = -i + 3*i. Let o = 98 - v. Suppose -2*c + o = 37. Give y(c).
14
Let h(m) be the third derivative of -m**5/20 + m**4/6 - m**3/2 - 5*m**2. Let l(k) = k**2 - 78*k + 739. Let t be l(67). What is h(t)?
-7
Let g(c) = 38 + 4 - 54*c - 2775*c**2 + 46*c + 2774*c**2 - 8. Calculate g(-10).
14
Suppose 32*w - 4*v = 28*w + 532, 5*w - 3*v - 661 = 0. Let h(b) = -b - 405 + w + 137 + 133. Give h(-3).
-1
Let b = 284 - 284. Suppose -2*a + 0*a + 5*p - 15 = b, -a = 5*p - 30. Let z(k) = -k**2 + 7*k + 4. Calculate z(a).
14
Let c(z) be the second derivative of -z**3/6 + z**2 + 2*z. Let d(w) = -4*w - 7. Let k(o) = -o**2 - 18*o - 20. Let i be k(-17). Let v be d(i). What is c(v)?
-3
Let r(b) = 44*b - 5757. Let o be r(131). Let z(k) = -2*k**3 + 15*k**2 - 6*k - 14. Determine z(o).
-7
Suppose 10*t = 6*t + 16. Let g be (9/(-6) - 0)/((-3)/t). Let k(v) = 2*v + 29*v**2 - 1 - 1 - 30*v**g. Determine k(3).
-5
Let q = -121 - -131. Suppose -x + 3*c = -q, 5*x - 2*c - 36 = -c. Let n(s) = -s. Calculate n(x).
-7
Suppose i + 0*i + 4*m + 6 = 0, -4*i - 2*m + 4 = 0. Let c = 134 + -132. Let l(g) = g**c + 2*g**2 - 5*g**2 - 6 + 2*g + 4. Calculate l(i).
-6
Let r(d) = -3*d + 19. Let m(q) = -51*q + 1680. Let h be m(33). Calculate r(h).
28
Let c(k) = -230*k - 41*k**2 + 40*k**2 - 13 + 220*k + k**3. Calculate c(-2).
-5
Let k(s) = -s**2 + 9*s - 9. Suppose -5*l - 10 = 10. Let j(m) = -11*m - 6. Let c be j(l). Suppose 5*q = -8 + c. Calculate k(q).
9
Suppose 2*j - 5*t + 43 = 0, -4*j - 22*t - 65 = -25*t. Let c(s) = 2*s - 8. Give c(j).
-36
Let f(s) be the second derivative of -3*s + 0*s**3 + 2 + 1/12*s**4 - 5*s**2. What is f(4)?
6
Let h(d) = 3*d**3 - d - 1. Let b(r) = 10*r**3 + 25*r**2 + 47*r + 23. Let q(p) = -b(p) + 3*h(p). What is q(-23)?
66
Let c(q) = -9*q**3 + 4*q**2 - 9*q + 21. Let o(f) = 4*f**3 - 2*f**2 + 4*f - 10. Let b(m) = 3*c(m) + 7*o(m). What is b(4)?
29
Let u(r) be the second derivative of r**5/120 + 3*r**4/8 + 223*r**3/6 - 99*r. Let i(t) be the second derivative of u(t). Give i(-15).
-6
Suppose 23 = 5*p + 4*x, 3*p - x + 6 = 4*p. Let d(v) = -v**2 + 3*v + 5. Determine d(p).
1
Let a(g) be the second derivative of -g**4/4 + 7*g**3/3 - g**2 + 9096*g. Give a(-1).
-19
Let d(n) = -2 - 1 - 1 + 6 - n - 1. Let q(k) = k**2 + k - 3. Suppose 2*r + 2*r - 4 = 0. Let c(t) = r*q(t) - d(t). Determine c(-4).
4
Let i(k) = -2*k + 13. Let b(n) = -3*n + 29. Let p(s) = 5*b(s) - 6*i(s). What is p(21)?
4
Let y(i) be the third derivative of 0*i - 12*i**2 - 1/120*i**6 + 0*i**5 + 2 - 1/24*i**4 - 1/6*i**3. Calculate y(2).
-11
Suppose 0 = -c - 2*c - 3. Suppose -5*v + 5*a = -15, -3*v - 5*a = 15 + 8. Let m be -5*(-1 + v + 3)*c. Let g(p) = -p**3 + 7*p**2 - 6*p - 1. Calculate g(m).
19
Let s(w) be the second derivative of w**5/5 - w**4/4 + w**3/6 + w**2/2 - 2640*w. What is s(1)?
3
Let y(j) = -4*j**2 - 29*j - 2. Let f be y(-7). Suppose 0 = -f*k + 8 + 42. Let z(a) = -a**3 + 12*a**2 - 19*a - 12. Give z(k).
-2
Let c(d) = 5*d**3 + d**2 - d. Let x be c(1). Let w be (1 + -6)*2/x. Let z(r) be the first derivative of -3*r**2 + r - 1027167. Give z(w).
13
Let q(b) = 2*b**2 + b. Suppose -2*c + v + 16 = c, 3*c - 2*v = 14. Suppose 3*k - 5*h - 28 = 0, 3*k - 2*h = -3*h - 2. Suppose c*n - 5 - k = 0. What is q(n)?
3
Let y(t) = 213*t + 71. Let o(w) = 92*w + 34. Let u(p) = 9*o(p) - 4*y(p). Calculate u(1).
-2
Let a(q) = q**3 + 6*q**2 + 2. Let h be a(-6). Let r(u) = h*u + 2*u + u - u. Suppose 0 = 3*n - 2*f - 10, -5*f + 0*f - 6 = 2*n. Calculate r(n).
8
Let u be (-7 - 0 - 1) + 74/(-43 + -31). Let k(d) = -5*d**2 + 16*d + 16. Let t(r) = 2*r**2 - 5*r - 5. Let n(x) = -3*k(x) - 8*t(x). What is n(u)?
-17
Let s(c) be the first derivative of -2*c**2 - 4*c - 545. Calculate s(9).
-40
Let i(x) = 25*x - 5*x - 2*x - 4*x - 5*x + 4. What is i(8)?
76
Let q(z) be the second derivative of 2*z**3/3 + 5*z**2 - 40*z - 5. Let v(h) = -7*h**3. Let g be v(1). Give q(g).
-18
Let k(l) = -l**2 - 2*l. Let q(i) = 11*i + 289. Let g be q(-26). Let f(s) = 7*s**2 + 5*s. Let z(p) = g*k(p) + f(p). Suppose 0 = -0*o + 4*o - 8. What is z(o)?
14
Let m be (-35)/1*50/(-175). Suppose -5*i = r + m, 2*r - 2 = 3*i + 17. Let c(g) = -5*g + 1. Give c(r).
-24
Let u(s) be the first derivative of -178 + 1/2*s**2 + 14*s. Calculate u(-7).
7
Let g(i) = -6*i**2 - 5*i + 86. Let s(f) = -7*f**2 - 5*f + 104. Let x(k) = 6*g(k) - 5*s(k). Suppose 5*o + 4 = 4*o - 3*w, -3*o - 12 = -2*w. Calculate x(o).
0
Let h be -3 - (-66)/(-4)*(-12)/18. Suppose h*c - 6 = 10*c. Let v(d) = d**2 - d - 2. Give v(c).
10
Let w(u) = -u**3 + 6*u**2 - 2*u + 8. Let q be ((-16)/(-20))/(0 + (-6)/45). Let i(x) = -2*x**2 - 4*x + 54. Let s be i(q). Determine w(s).
-4
Suppose -5*g + 228 = 1258. Let f = 207 + g. Let s(b) = 12*b**3 - 1. Calculate s(f).
11
Let f = 29 + -8. Suppose 5*g = 5*n, 0 = f*n - 20*n + 5*g. Let l(y) = -y**2 - 2*y - 6. Give l(n).
-6
Let g(u) = u**3 + 11*u**2 - 9*u + 39. Suppose -282*x - 1716 = -139*x. Determine g(x).
3
Let f(w) = -5*w - 16. Let h = 29213 + -29214. Calculate f(h).
-11
Let b = -956/39 + 2263/78. Let z(x) be the first derivative of 0*x + 3 - b*x**2. Determine z(-2).
18
Let s(l) = l**3 - 6*l + 7. Let a = -8515 - -8515. Calculate s(a).
7
Suppose -3*h + 2*j + 10 = -2*h, 0 = h + 3*j + 5. Suppose 0 = -t + h*t - 6. Suppose 11 = -t*w + 3. Let f(v) = v. Give f(w).
-4
Let g(m) = -m**3 + 7*m**2 - 6*m + 8. Let n(i) = i. Let w be n(0). Let o(j) = -2 + w*j - 2*j - j + 5*j. Let h be o(4). What is g(h)?
8
Let y(v) = -v**2 + 10*v + 27. Suppose -1111 = -18*w + 4937. Suppose w = 29*g - g. Calculate y(g).
3
Let l be ((-4)/10)/(-1*4/20). Suppose -4*k + 16 = 4*h, 5*k + l = 4*h - 5. Suppose -2*j = -h*j. Let d(u) = -u + 7. What is d(j)?
7
Let o(b) = 2571*b + 10292. Let h be o(-4). Let p(d) = 7*d**2 - 9*d + 5. Let s(n) = -13*n**2 + 18*n - 10. Let 